{"id":963,"date":"2025-11-21T17:00:35","date_gmt":"2025-11-21T15:00:35","guid":{"rendered":"https:\/\/juergenrinelli.de\/?page_id=963"},"modified":"2025-11-21T17:21:28","modified_gmt":"2025-11-21T15:21:28","slug":"meine-romane","status":"publish","type":"page","link":"https:\/\/juergenrinelli.de\/?page_id=963","title":{"rendered":"Meine Romane"},"content":{"rendered":"\t\t<div data-elementor-type=\"wp-page\" data-elementor-id=\"963\" class=\"elementor elementor-963\" data-elementor-post-type=\"page\">\n\t\t\t\t<div class=\"elementor-element elementor-element-8916397 e-flex e-con-boxed e-con e-parent\" data-id=\"8916397\" data-element_type=\"container\" data-e-type=\"container\">\n\t\t\t\t\t<div class=\"e-con-inner\">\n\t\t\t\t<div class=\"elementor-element elementor-element-7127497 elementor-grid-3 elementor-grid-tablet-2 elementor-grid-mobile-1 elementor-posts--thumbnail-top elementor-posts--show-avatar elementor-card-shadow-yes elementor-posts__hover-gradient elementor-widget elementor-widget-posts\" data-id=\"7127497\" data-element_type=\"widget\" data-e-type=\"widget\" data-settings=\"{&quot;cards_columns&quot;:&quot;3&quot;,&quot;cards_columns_tablet&quot;:&quot;2&quot;,&quot;cards_columns_mobile&quot;:&quot;1&quot;,&quot;cards_row_gap&quot;:{&quot;unit&quot;:&quot;px&quot;,&quot;size&quot;:35,&quot;sizes&quot;:[]},&quot;cards_row_gap_tablet&quot;:{&quot;unit&quot;:&quot;px&quot;,&quot;size&quot;:&quot;&quot;,&quot;sizes&quot;:[]},&quot;cards_row_gap_mobile&quot;:{&quot;unit&quot;:&quot;px&quot;,&quot;size&quot;:&quot;&quot;,&quot;sizes&quot;:[]}}\" data-widget_type=\"posts.cards\">\n\t\t\t\t<div class=\"elementor-widget-container\">\n\t\t\t\t\t\t\t<div class=\"elementor-posts-container elementor-posts elementor-posts--skin-cards elementor-grid\" role=\"list\">\n\t\t\t\t<article class=\"elementor-post elementor-grid-item post-989 post type-post status-publish format-standard has-post-thumbnail hentry category-my-novels-de\" role=\"listitem\">\n\t\t\t<div class=\"elementor-post__card\">\n\t\t\t\t<a class=\"elementor-post__thumbnail__link\" href=\"https:\/\/juergenrinelli.de\/?p=989\" tabindex=\"-1\" ><div class=\"elementor-post__thumbnail\"><img fetchpriority=\"high\" decoding=\"async\" width=\"1603\" height=\"2560\" src=\"https:\/\/juergenrinelli.de\/wp-content\/uploads\/2025\/11\/Cynthia-und-Para_Lumikron-Cover-scaled.png\" class=\"attachment-full size-full wp-image-991\" alt=\"Buchcover der Taker Story Teil 3\" srcset=\"https:\/\/juergenrinelli.de\/wp-content\/uploads\/2025\/11\/Cynthia-und-Para_Lumikron-Cover-scaled.png 1603w, https:\/\/juergenrinelli.de\/wp-content\/uploads\/2025\/11\/Cynthia-und-Para_Lumikron-Cover-188x300.png 188w, https:\/\/juergenrinelli.de\/wp-content\/uploads\/2025\/11\/Cynthia-und-Para_Lumikron-Cover-641x1024.png 641w, https:\/\/juergenrinelli.de\/wp-content\/uploads\/2025\/11\/Cynthia-und-Para_Lumikron-Cover-768x1226.png 768w, https:\/\/juergenrinelli.de\/wp-content\/uploads\/2025\/11\/Cynthia-und-Para_Lumikron-Cover-962x1536.png 962w, https:\/\/juergenrinelli.de\/wp-content\/uploads\/2025\/11\/Cynthia-und-Para_Lumikron-Cover-1282x2048.png 1282w\" sizes=\"(max-width: 1603px) 100vw, 1603px\" \/><\/div><\/a>\n\t\t\t\t<div class=\"elementor-post__badge\">My Novels (DE)<\/div>\n\t\t\t\t<div class=\"elementor-post__avatar\">\n\t\t\t<img alt='Janprem' src='https:\/\/secure.gravatar.com\/avatar\/0903317f8237021b52db8236f87a65ef88c07058493302ac0007810f14a5e50e?s=128&#038;d=mm&#038;r=g' srcset='https:\/\/secure.gravatar.com\/avatar\/0903317f8237021b52db8236f87a65ef88c07058493302ac0007810f14a5e50e?s=256&#038;d=mm&#038;r=g 2x' class='avatar avatar-128 photo' height='128' width='128' \/>\t\t<\/div>\n\t\t\t\t<div class=\"elementor-post__text\">\n\t\t\t\t<h3 class=\"elementor-post__title\">\n\t\t\t<a href=\"https:\/\/juergenrinelli.de\/?p=989\" >\n\t\t\t\tDie Takerer Story Teil 3 &#8211; Lumikron\t\t\t<\/a>\n\t\t<\/h3>\n\t\t\t\t<div class=\"elementor-post__excerpt\">\n\t\t\t<p>Aaron und seine Freunde stehen vor der gr\u00f6\u00dften Herausforderung ihres Lebens: die Suche nach Lumikron. Doch was genau ist der Pararaum, und welche dunklen Geheimnisse lauern dort? W\u00e4hrend die Spannung steigt, steht auch Cynthia vor einer Entscheidung, die ihr Leben f\u00fcr immer ver\u00e4ndern k\u00f6nnte &#8211; wird sie endlich ihren Seelenpartner finden? Oder erwartet sie eine andere, unerwartete Bestimmung?<br \/>\nWeiter in Teil drei der Takerer-Story &#8230;<\/p>\n\t\t<\/div>\n\t\t\n\t\t<a class=\"elementor-post__read-more\" href=\"https:\/\/juergenrinelli.de\/?p=989\" aria-label=\"Read more about Die Takerer Story Teil 3 &#8211; Lumikron\" tabindex=\"-1\" >\n\t\t\tRead More \u00bb\t\t<\/a>\n\n\t\t\t\t<\/div>\n\t\t\t\t<div class=\"elementor-post__meta-data\">\n\t\t\t\t\t<span class=\"elementor-post-date\">\n\t\t\t21. November 2025\t\t<\/span>\n\t\t\t\t<span class=\"elementor-post-avatar\">\n\t\t\tNo Comments\t\t<\/span>\n\t\t\t\t<\/div>\n\t\t\t\t\t<\/div>\n\t\t<\/article>\n\t\t\t\t<article class=\"elementor-post elementor-grid-item post-981 post type-post status-publish format-standard has-post-thumbnail hentry category-my-novels-de\" role=\"listitem\">\n\t\t\t<div class=\"elementor-post__card\">\n\t\t\t\t<a class=\"elementor-post__thumbnail__link\" href=\"https:\/\/juergenrinelli.de\/?p=981\" tabindex=\"-1\" ><div class=\"elementor-post__thumbnail\"><img decoding=\"async\" width=\"1600\" height=\"2560\" src=\"https:\/\/juergenrinelli.de\/wp-content\/uploads\/2025\/11\/Takerer-Story_Die-Mission_Costa-Kalari_cover2-scaled.jpg\" class=\"attachment-full size-full wp-image-984\" alt=\"Buchcover der Taker Story Teil 2\" srcset=\"https:\/\/juergenrinelli.de\/wp-content\/uploads\/2025\/11\/Takerer-Story_Die-Mission_Costa-Kalari_cover2-scaled.jpg 1600w, https:\/\/juergenrinelli.de\/wp-content\/uploads\/2025\/11\/Takerer-Story_Die-Mission_Costa-Kalari_cover2-188x300.jpg 188w, https:\/\/juergenrinelli.de\/wp-content\/uploads\/2025\/11\/Takerer-Story_Die-Mission_Costa-Kalari_cover2-640x1024.jpg 640w, https:\/\/juergenrinelli.de\/wp-content\/uploads\/2025\/11\/Takerer-Story_Die-Mission_Costa-Kalari_cover2-768x1229.jpg 768w, https:\/\/juergenrinelli.de\/wp-content\/uploads\/2025\/11\/Takerer-Story_Die-Mission_Costa-Kalari_cover2-960x1536.jpg 960w, https:\/\/juergenrinelli.de\/wp-content\/uploads\/2025\/11\/Takerer-Story_Die-Mission_Costa-Kalari_cover2-1280x2048.jpg 1280w\" sizes=\"(max-width: 1600px) 100vw, 1600px\" \/><\/div><\/a>\n\t\t\t\t<div class=\"elementor-post__badge\">My Novels (DE)<\/div>\n\t\t\t\t<div class=\"elementor-post__avatar\">\n\t\t\t<img alt='Janprem' src='https:\/\/secure.gravatar.com\/avatar\/0903317f8237021b52db8236f87a65ef88c07058493302ac0007810f14a5e50e?s=128&#038;d=mm&#038;r=g' srcset='https:\/\/secure.gravatar.com\/avatar\/0903317f8237021b52db8236f87a65ef88c07058493302ac0007810f14a5e50e?s=256&#038;d=mm&#038;r=g 2x' class='avatar avatar-128 photo' height='128' width='128' \/>\t\t<\/div>\n\t\t\t\t<div class=\"elementor-post__text\">\n\t\t\t\t<h3 class=\"elementor-post__title\">\n\t\t\t<a href=\"https:\/\/juergenrinelli.de\/?p=981\" >\n\t\t\t\tDie Takerer Story Teil 2 &#8211; Die Mission\t\t\t<\/a>\n\t\t<\/h3>\n\t\t\t\t<div class=\"elementor-post__excerpt\">\n\t\t\t<p>Im zweiten Teil der Takerer-Trilogie steht Aaron erneut vor gro\u00dfen Herausforderungen, die seine bisherigen Erlebnisse in den Schatten stellen. Nach den Ereignissen des ersten Teils sehnt er sich nach Normalit\u00e4t, doch das Schicksal hat andere Pl\u00e4ne. Aaron trifft auf seinen besten Freund Costa, und die Wiedervereinigung der beiden verspricht zun\u00e4chst eine willkommene Pause von den intergalaktischen Konflikten. Doch die Ruhe w\u00e4hrt nur kurz. W\u00e4hrend sich zwischen Kalari und Costa eine unerwartete N\u00e4he entwickelt, die mehr als nur Freundschaft verspricht, wird das Team in eine gef\u00e4hrliche und ungeplante Mission verwickelt. Eine uralte Spur, die von den sogenannten &#8216;Alten&#8217; hinterlassen wurde, f\u00fchrt sie in unbekannte und unerforschte Bereiche des Universums. Die Reise wird zu einem Abenteuer, das nicht nur ihre k\u00f6rperlichen, sondern auch ihre emotionalen Grenzen testet.<br \/>\nIhre Entdeckungen f\u00fchren sie in eine weit entfernte Galaxis, in der die Gesetze der Physik und der Realit\u00e4t auf den Kopf gestellt werden. Hier lauern nicht nur unbekannte Gefahren, sondern auch die Erinnerungen und Erben einer l\u00e4ngst vergessenen Macht: die Eroberer aus vergangener Zeit, die nun wieder in das Geschehen eingreifen. Diese mysteri\u00f6sen Wesen haben ihre eigene Agenda, und ihre Motive sind ebenso r\u00e4tselhaft wie bedrohlich.<br \/>\nW\u00e4hrend die Mission voranschreitet, wird nicht nur ihre Freundschaft auf die Probe gestellt, sondern auch ihre Loyalit\u00e4t zueinander und zu ihrer Sache. Intrigen, Verrat und unerwartete Wendungen machen es schwer, zwischen Freund und Feind zu unterscheiden. Die Dunkelheit, die sich um sie legt, zwingt Aaron und sein Team, Entscheidungen zu treffen, die ihr Schicksal f\u00fcr immer ver\u00e4ndern k\u00f6nnten.<br \/>\nWie wird das Zusammentreffen mit den Eroberern aus l\u00e4ngst vergangener Zeit enden? Werden Freundschaft und Zusammenhalt den Pr\u00fcfungen standhalten, oder werden sie daran zerbrechen? Der zweite Teil der Takerer-Trilogie nimmt den Leser mit auf eine fesselnde Reise voller Spannung, Emotionen und unvorhersehbarer Wendungen. In einem Universum, in dem nichts so ist, wie es scheint, wird Aaron entdecken, dass die gr\u00f6\u00dfte Bedrohung vielleicht nicht von au\u00dfen kommt, sondern tief in ihnen allen verborgen liegt.<\/p>\n\t\t<\/div>\n\t\t\n\t\t<a class=\"elementor-post__read-more\" href=\"https:\/\/juergenrinelli.de\/?p=981\" aria-label=\"Read more about Die Takerer Story Teil 2 &#8211; Die Mission\" tabindex=\"-1\" >\n\t\t\tRead More \u00bb\t\t<\/a>\n\n\t\t\t\t<\/div>\n\t\t\t\t<div class=\"elementor-post__meta-data\">\n\t\t\t\t\t<span class=\"elementor-post-date\">\n\t\t\t21. November 2025\t\t<\/span>\n\t\t\t\t<span class=\"elementor-post-avatar\">\n\t\t\tNo Comments\t\t<\/span>\n\t\t\t\t<\/div>\n\t\t\t\t\t<\/div>\n\t\t<\/article>\n\t\t\t\t<article class=\"elementor-post elementor-grid-item post-968 post type-post status-publish format-standard has-post-thumbnail hentry category-my-novels-de\" role=\"listitem\">\n\t\t\t<div class=\"elementor-post__card\">\n\t\t\t\t<a class=\"elementor-post__thumbnail__link\" href=\"https:\/\/juergenrinelli.de\/?p=968\" tabindex=\"-1\" ><div class=\"elementor-post__thumbnail\"><img decoding=\"async\" width=\"1000\" height=\"1600\" src=\"https:\/\/juergenrinelli.de\/wp-content\/uploads\/2025\/11\/Yvette-und-Aaron-Cover-3_1600.png\" class=\"attachment-full size-full wp-image-970\" alt=\"Buchcover das ein Yvette und Aaron in einer liebevollen Umarmung zeigt.\" srcset=\"https:\/\/juergenrinelli.de\/wp-content\/uploads\/2025\/11\/Yvette-und-Aaron-Cover-3_1600.png 1000w, https:\/\/juergenrinelli.de\/wp-content\/uploads\/2025\/11\/Yvette-und-Aaron-Cover-3_1600-188x300.png 188w, https:\/\/juergenrinelli.de\/wp-content\/uploads\/2025\/11\/Yvette-und-Aaron-Cover-3_1600-640x1024.png 640w, https:\/\/juergenrinelli.de\/wp-content\/uploads\/2025\/11\/Yvette-und-Aaron-Cover-3_1600-768x1229.png 768w, https:\/\/juergenrinelli.de\/wp-content\/uploads\/2025\/11\/Yvette-und-Aaron-Cover-3_1600-960x1536.png 960w\" sizes=\"(max-width: 1000px) 100vw, 1000px\" \/><\/div><\/a>\n\t\t\t\t<div class=\"elementor-post__badge\">My Novels (DE)<\/div>\n\t\t\t\t<div class=\"elementor-post__avatar\">\n\t\t\t<img alt='Janprem' src='https:\/\/secure.gravatar.com\/avatar\/0903317f8237021b52db8236f87a65ef88c07058493302ac0007810f14a5e50e?s=128&#038;d=mm&#038;r=g' srcset='https:\/\/secure.gravatar.com\/avatar\/0903317f8237021b52db8236f87a65ef88c07058493302ac0007810f14a5e50e?s=256&#038;d=mm&#038;r=g 2x' class='avatar avatar-128 photo' height='128' width='128' \/>\t\t<\/div>\n\t\t\t\t<div class=\"elementor-post__text\">\n\t\t\t\t<h3 class=\"elementor-post__title\">\n\t\t\t<a href=\"https:\/\/juergenrinelli.de\/?p=968\" >\n\t\t\t\tDie Takerer Story Teil 1 &#8211; Der Anfang\t\t\t<\/a>\n\t\t<\/h3>\n\t\t\t\t<div class=\"elementor-post__excerpt\">\n\t\t\t<p>Es sollte ein einfacher Urlaub werden, eine Auszeit von der Hektik des Alltags. Allein auf Sardinien &#8211; wandern, nachdenken, heilen. Doch gleich auf der ersten Tour in den majest\u00e4tischen Bergen Sardiniens begegnet er Yvette, und nichts ist mehr, wie es war. Ein einziger Blick in ihre funkelnden Augen reicht aus, um die Mauern, die er um sein Herz gebaut hat, zum Einsturz zu bringen und ihn auf eine Reise zu schicken, die er sich in seinen k\u00fchnsten Tr\u00e4umen nicht h\u00e4tte vorstellen k\u00f6nnen.<br \/>\nWas als ruhiger R\u00fcckzug begann, verwandelt sich in das gr\u00f6\u00dfte Abenteuer seines Lebens. Gef\u00fchrt von einer mysteri\u00f6sen Verbindung zu Yvette, wird er in die Tiefen der Galaxie katapultiert &#8211; zu fremden Welten, neuen Begegnungen und einem Schicksal, das weit \u00fcber seine Vorstellungskraft hinausgeht. Was wird er auf dieser Reise entdecken? Und wird er den Mut finden, sich den Herausforderungen zu stellen, die jenseits der Sterne auf ihn warten?<\/p>\n\t\t<\/div>\n\t\t\n\t\t<a class=\"elementor-post__read-more\" href=\"https:\/\/juergenrinelli.de\/?p=968\" aria-label=\"Read more about Die Takerer Story Teil 1 &#8211; Der Anfang\" tabindex=\"-1\" >\n\t\t\tRead More \u00bb\t\t<\/a>\n\n\t\t\t\t<\/div>\n\t\t\t\t<div class=\"elementor-post__meta-data\">\n\t\t\t\t\t<span class=\"elementor-post-date\">\n\t\t\t21. November 2025\t\t<\/span>\n\t\t\t\t<span class=\"elementor-post-avatar\">\n\t\t\tNo Comments\t\t<\/span>\n\t\t\t\t<\/div>\n\t\t\t\t\t<\/div>\n\t\t<\/article>\n\t\t\t\t<\/div>\n\t\t\n\t\t\t\t\t\t<\/div>\n\t\t\t\t<\/div>\n\t\t\t\t\t<\/div>\n\t\t\t\t<\/div>\n\t\t\t\t<\/div>\n\t\t","protected":false},"excerpt":{"rendered":"<p>Here you will find all my other genres of books I wrote and <\/p>\n","protected":false},"author":1,"featured_media":0,"parent":0,"menu_order":0,"comment_status":"closed","ping_status":"closed","template":"","meta":{"iawp_total_views":84,"footnotes":""},"class_list":["post-963","page","type-page","status-publish","hentry"],"_links":{"self":[{"href":"https:\/\/juergenrinelli.de\/index.php?rest_route=\/wp\/v2\/pages\/963","targetHints":{"allow":["GET"]}}],"collection":[{"href":"https:\/\/juergenrinelli.de\/index.php?rest_route=\/wp\/v2\/pages"}],"about":[{"href":"https:\/\/juergenrinelli.de\/index.php?rest_route=\/wp\/v2\/types\/page"}],"author":[{"embeddable":true,"href":"https:\/\/juergenrinelli.de\/index.php?rest_route=\/wp\/v2\/users\/1"}],"replies":[{"embeddable":true,"href":"https:\/\/juergenrinelli.de\/index.php?rest_route=%2Fwp%2Fv2%2Fcomments&post=963"}],"version-history":[{"count":7,"href":"https:\/\/juergenrinelli.de\/index.php?rest_route=\/wp\/v2\/pages\/963\/revisions"}],"predecessor-version":[{"id":976,"href":"https:\/\/juergenrinelli.de\/index.php?rest_route=\/wp\/v2\/pages\/963\/revisions\/976"}],"wp:attachment":[{"href":"https:\/\/juergenrinelli.de\/index.php?rest_route=%2Fwp%2Fv2%2Fmedia&parent=963"}],"curies":[{"name":"wp","href":"https:\/\/api.w.org\/{rel}","templated":true}]}}